/2 - l + 154. Let b(f) = -f**2 - 7*f + 9. Let n be b(-8). Determine m(n).
1
Let v(c) = c**3 + 5*c**2 - 5*c + 10. Let j be v(-6). Let o(r) = 3*r - 3. Let t(x) = -3*x + 0*x + x + 2. Let i(p) = -3*o(p) - 5*t(p). Calculate i(j).
3
Let n(h) = -h - 7. Let b(y) = -y + 1. Let r be b(-1). Let l = -2 - r. Determine n(l).
-3
Let t(r) = 720*r**2 - r**3 - 365*r**2 - 11*r - 368*r**2 + 11. What is t(-12)?
-1
Let n be -2 + 0 - (1 - 7). Let f(s) = 19*s - 20*s - n*s**2 + s**2 + 2*s**2 + 1. Give f(1).
-1
Let p(s) = s - 11. Let g be 72/20 + -4 + 116/(-10). Let f(z) = z**3 + 11*z**2 - 11*z + 19. Let a be f(g). Determine p(a).
-4
Let a(t) = -t - 21. Let f be (-69)/(-24) + (-9)/(-72) + 7. Determine a(f).
-31
Let d = 62 - 65. Let s(x) = x**3 + 4*x**2 - 6. What is s(d)?
3
Let w(f) = -f**2 - 10*f - 4. Let b be w(-9). Let m(h) be the second derivative of h**5/20 - h**4/2 + 7*h**3/6 - h**2/2 - h. Determine m(b).
9
Let g(r) = -r**2 - r + 1. Suppose -8 = 5*z - 3. Let h(m) = 10*m**3 - 3*m**2 - 4*m + 3. Let k(a) = z*h(a) + 3*g(a). Give k(-1).
9
Let c(w) = -4*w + 0*w + 336 + w**3 - 5*w**2 + w - 339. Give c(6).
15
Suppose 5*y - 12 = -2. Suppose 3*u = -36*u - 702. Let x be ((-1)/y)/(3/u). Let j(k) = 2*k - 2. Determine j(x).
4
Let g(x) = 13*x + 9. Let w(k) = -4*k - 3. Let m(j) = -2*g(j) - 7*w(j). Calculate m(3).
9
Let i(c) = 0*c - c**2 + 9*c - 15*c. Suppose 2*m = -2 - 10. Determine i(m).
0
Let y(p) be the third derivative of 0 - 1/3*p**3 + 1/24*p**4 + 8*p**2 + 0*p. Calculate y(7).
5
Let t(o) be the second derivative of o**8/6720 - o**7/504 - o**6/144 + o**5/24 + o**4/4 - 3*o. Let i(j) be the third derivative of t(j). Calculate i(6).
11
Let f = -137 + 141. Let l(y) = 2*y - 4*y + f*y + 0*y - 6. Suppose -4*c + 1 = 2*o + 5, -5*o = -3*c - 29. Give l(o).
2
Let b(q) = 13*q**2 + 19*q - 3. Let l(m) = -3*m**2 - 5*m + 1. Let r(s) = 2*b(s) + 9*l(s). What is r(-7)?
3
Let g(z) = 4*z + 5. Let a(q) = -17*q - 226. Let d be a(-13). Give g(d).
-15
Let r be -5*(0 + -1 - 0). Let v(k) = -k. Let j(m) = -m**2 + 11*m - 15. Let x(y) = j(y) + 5*v(y). Let s(d) be the first derivative of x(d). Give s(r).
-4
Let q be (-5)/(70/4) + (-488)/56. Let j(h) = -h + 4. Give j(q).
13
Let g(y) = -y**2 + 466*y + 8*y**2 + 2*y**3 - 230*y - 233*y + 0*y**2 - 7. What is g(-4)?
-35
Let u(z) = -z**2 + 9*z - 6. Let f be ((-20)/(-2))/(2 - 0). Suppose -2*v = 2*k - 25 + 5, f*k + 4 = 4*v. Calculate u(v).
12
Suppose 2*i - 216 = -4*i. Suppose -24 = 40*d - i*d. Let f(v) = -v - 10. Calculate f(d).
-4
Let d(k) = -3*k**2 + 6*k + 5. Let y = -24 - -31. Let n(f) = 10*f**2 - 19*f - 15. Let p(g) = y*d(g) + 2*n(g). Calculate p(4).
5
Let v(m) = -3*m**2 + 4*m - 4. Let c = -11 + 1. Let i be ((-16)/c)/((-6)/15). Let z(p) = -4*p**2 + 5*p - 3. Let h(t) = i*z(t) + 5*v(t). Give h(0).
-8
Let l be 0 - 4 - (25/5 - 8). Let c(m) = 35*m. Calculate c(l).
-35
Let y(h) = h - 7. Let v = -73 + 20. Let g = 58 + v. Give y(g).
-2
Let i(h) = -4*h + 2. Let v(z) = 26*z**2 + 3*z - 6. Let m be v(0). Give i(m).
26
Let x = -262 + 271. Let g(s) = -s + 17. Calculate g(x).
8
Suppose 25*x - 20 = 20*x. Let o(f) = -2 - 5*f + 3 + 5 + x*f. Determine o(6).
0
Let k(c) = -c**3 - 18*c**2 - 17*c + 3. Let o be 17/119 + 120/(-7). Give k(o).
3
Let h be 78/(-4)*(-8)/12. Let s(b) = -h + 4*b - 3 + 12 + b**2. Determine s(-3).
-7
Let m(s) = s**3 - 3*s**2 + 3*s - 12. Let w(a) = 4*a**3 - 9*a**2 + 9*a - 37. Let z(n) = 7*m(n) - 2*w(n). Give z(-4).
-6
Let h(a) = -9. Let o(d) = -d + 6 + 9 + 2. Let s(n) = 7*h(n) + 4*o(n). What is s(4)?
-11
Let t(q) = q**2 + 2230 - 2227 + 0*q**2 - 9*q. Suppose o - 31 = -4*h, -h + 2*o = h - 18. Determine t(h).
-5
Let o(k) be the second derivative of k**3/2 + 9*k**2/2 + k + 18. Determine o(-9).
-18
Let r(p) = -3*p - 3. Suppose -17*m + 3*m - 112 = 0. Calculate r(m).
21
Let q(k) = k - 7. Suppose 0 = 4*p - 2*p + 8. Let a(h) = -h**2 - 4*h - 2. Let i be a(p). Let r be 0 - i/(-2) - -7. Calculate q(r).
-1
Let i(a) = -5*a + 1 + 2 - a. Let c(v) = -3*v + 2. Let b(p) = 5*c(p) - 3*i(p). Let u be (-3)/12*0 - (9 + -7). Determine b(u).
-5
Let f = -61 + 71. Let j(s) = -16*s + 7*s + 2*s**3 - 3*s**3 - f - 8*s**2. Give j(-7).
4
Let v = 307 - 316. Let p(s) = s**3 + 8*s**2 - 11*s - 10. Calculate p(v).
8
Suppose -5*o - 4 = 11. Let l be 6/((-4)/(8/(-3))). Let v(m) = 0 + 2*m**2 + 2*m + 2 - l*m**2 + 3*m**2. Calculate v(o).
5
Suppose -2*i + 19 = -2*f - 5, 72 = 4*i + 2*f. Let h = i + -21. Let a(w) = -8*w - 3. Let l(b) = 7*b + 4. Let k(o) = 6*a(o) + 7*l(o). Determine k(h).
5
Let u(j) be the second derivative of -j**5/20 + 5*j**4/6 + j**3/6 + j**2/2 - 2*j - 145. Calculate u(10).
11
Let m(g) = 3*g**2 - 5*g - 4. Suppose -9*u + 60 = 6*u. Determine m(u).
24
Suppose -5*b - 6 = 14, 3*b + 16 = 4*q. Let u(w) = -17*w**2 - 2*w + 1. Determine u(q).
-18
Let i(v) = -v - 24*v**2 - 2*v + 57*v**2 - 32*v**2 - 16. Give i(5).
-6
Let r(q) = -4*q. Let v be r(-2). Let g = v + -2. Let z(j) be the third derivative of j**5/60 - j**4/4 - j**3/2 - 7189*j**2 + 2. What is z(g)?
-3
Let j be (-680)/70 - (-4)/(-14). Let l(r) be the first derivative of -r**3/3 - 6*r**2 - 17*r + 1. Let f be l(j). Let k(h) = h**2 - h. Determine k(f).
6
Suppose -11*j - 68 = -28*j. Let g(q) = 3*q - 2. Give g(j).
10
Let o(j) be the third derivative of -j**7/840 + j**6/90 + j**5/24 + 5*j**4/24 + j**3 - 8*j**2. Let b(t) be the first derivative of o(t). Determine b(5).
5
Let f(y) be the first derivative of 2/3*y**3 + y**2 + 0*y - 4. Let c be (-2)/(-11) + 24/(-11). Determine f(c).
4
Suppose 3*w = 3*v + 33, -5*v - 3*w - 30 = -7. Let z(s) = -5*s**2 - 8*s. Let b(h) = 8 + 11*h**2 - 9 + 9*h + 7*h. Let j(n) = 4*b(n) + 9*z(n). Calculate j(v).
3
Let g(d) = 12 + 5*d - 14 - 8 - 20 - 1. What is g(7)?
4
Suppose -5*g - 8 = -q, -4*g - 8 = -2*q - 2*g. Suppose 4*n - 3*t = 11, -q*t + 2*t = 5. Let h(j) be the first derivative of -j**2/2 - 142. Calculate h(n).
1
Let t(y) = y**2 + y. Suppose 13*x = 65*x - 52. Determine t(x).
2
Let h(g) = 7*g - 5. Let w(k) = -8*k + 5. Let q(f) = 6*h(f) + 5*w(f). Let a = -90 - -94. What is q(a)?
3
Let d = -16 + 10. Let u = d - -10. Suppose -4*s + u = -0*s. Let m(n) = -4*n**2 - 2*n + 1. Determine m(s).
-5
Let n(z) be the second derivative of z**4/12 - z**3/6 - z**2/2 - 2*z. Let b(i) = i**3 + 8*i**2 - 9*i - 10. Let y(d) = -b(d) + 3*n(d). Give y(-6).
7
Let v = -23 + 33. Suppose -k - v*k + 66 = 0. Let u(l) = -l**2 + 4*l + 7. Determine u(k).
-5
Let v(m) = m**2 - 4*m - 7. Let x = -7 + 13. Suppose s = -x + 12. Suppose -z + 4*a = s - 0, -3*z + 5*a + 3 = 0. Calculate v(z).
5
Let x(o) = 2 + 6 - 10 + 3. Let t(v) be the third derivative of 17*v**5/60 + v**4/24 + 5*v**3/6 + 4*v**2. Let g(s) = t(s) - 5*x(s). Determine g(1).
18
Suppose -17*o = x - 19*o + 15, 5 = -2*x - o. Let v(k) = k - 8. Calculate v(x).
-13
Let s(p) = -p**2 + 7*p - 4. Let n be 2*(2*2 - (8 - 8)). Let b = 2 + -5. Let v = n + b. Determine s(v).
6
Suppose 2*s + 2*s + 24 = 0. Suppose 0 = -21*r + 10*r. Let g(i) = -i**2 + 2 + r*i + 2*i**2 + 8*i + 0*i**2. What is g(s)?
-10
Let r(p) = -64*p**3 - 62*p**3 - 19*p + 190*p**3 + 5 + 25 + 18*p**2 - 65*p**3. What is r(17)?
-4
Let d = 196 - 202. Let p(c) = c**2 + 7*c - 4. Give p(d).
-10
Let c(i) = 4*i - 13. Let y be c(2). Let p(w) = -5*w - 11. Give p(y).
14
Let f(w) = w**2 + 12*w + 8. Let l be f(-11). Let n(p) be the first derivative of -p**3/3 - 3*p**2 - 2*p - 32. Calculate n(l).
7
Let w(a) = -a. Let m(i) = -i**2 + 8*i + 7. Let l(g) = m(g) - w(g). Give l(10).
-3
Let k = 2 + 10. Let t(d) = -23*d + 11*d + 7 - d**2 + k*d. Calculate t(-5).
-18
Let d(i) = 248*i + i**2 + 239*i - 481*i + 7. Give d(-8).
23
Let r = -85 - -87. Let u(j) = 4*j + 3 + 1 - r. Calculate u(-2).
-6
Let b(p) be the second derivative of -p**4/24 - 2*p**3 - 19*p**2/2 - 17*p. Let u(d) be the first derivative of b(d). Determine u(-5).
-7
Let m(c) be the first derivative of -c**3/3 - 5*c**2 - 7*c - 27. Determine m(-9).
2
Let o(q) = 214*q + 218*q - 4 - 445*q. What is o(-3)?
35
Let m(b) = -3*b**2 + 7*b - 11. Let z(a) = 5*a**2 - 11*a + 17. Let j(w) = 8*m(w) + 5*z(w). Calculate j(-3).
3
Suppose 108*k - 105*k = 0. Let r(m) = 2*m - 4 - 2*m + 3*m. Let j(g) = g - 1. Let o(q) = 7*j(q) - 2*r(q). Calculate o(k).
1
Let d(u) be the first derivative of -3*u**2/2 - 16*u - 13. What is d(-5)?
-1
Let u(x) = -2*x. Let y be u(3). Let c(g) = -g**2 - 6*g + 2. What is c(y)?
2
Suppose -3*d - 2 = -n - 8, -5*d + 10 =